t are the prime factors of 948232835?
5, 11, 1567327
List the prime factors of 1008780314.
2, 504390157
List the prime factors of 146732068.
2, 7, 748633
What are the prime factors of 167507233?
167507233
List the prime factors of 35020266.
2, 3, 31, 188281
What are the prime factors of 339964911?
3, 11, 13, 191, 461
List the prime factors of 907360530.
2, 3, 5, 53, 570667
List the prime factors of 375213508.
2, 93803377
What are the prime factors of 1531008899?
7, 17, 1021, 12601
What are the prime factors of 425520061?
107, 263, 15121
What are the prime factors of 6771514?
2, 3385757
What are the prime factors of 1587124248?
2, 3, 1699, 38923
List the prime factors of 1801388887.
13901, 129587
What are the prime factors of 7946150561?
23, 345484807
What are the prime factors of 3801543576?
2, 3, 227, 697787
List the prime factors of 4360081172.
2, 3517, 309929
What are the prime factors of 189899262?
2, 3, 7, 19, 137, 193
What are the prime factors of 43188761?
7, 11, 560893
List the prime factors of 593665532.
2, 107, 1387069
List the prime factors of 2259241422.
2, 3, 15859, 23743
List the prime factors of 32124906.
2, 3, 11, 89, 1823
List the prime factors of 1589393190.
2, 3, 5, 7, 11, 233, 2953
What are the prime factors of 202914561?
3, 31, 1021, 2137
List the prime factors of 1814875731.
3, 201652859
What are the prime factors of 414251869?
17, 53, 211, 2179
What are the prime factors of 111188962?
2, 55594481
List the prime factors of 113220108.
2, 3, 1181, 2663
List the prime factors of 3470926419.
3, 113, 3412907
What are the prime factors of 113275247?
29, 3906043
List the prime factors of 6314244458.
2, 3157122229
What are the prime factors of 30280263?
3, 13, 29, 41, 653
List the prime factors of 200605725.
3, 5, 907, 983
What are the prime factors of 4206293438?
2, 271, 1931, 4019
What are the prime factors of 50338894?
2, 3343, 7529
List the prime factors of 578989159.
7, 83, 996539
List the prime factors of 1252893336.
2, 3, 17, 3070817
List the prime factors of 512766789.
3, 170922263
List the prime factors of 257966037.
3, 7, 563, 1039
List the prime factors of 117279395.
5, 23455879
List the prime factors of 1011951397.
1011951397
What are the prime factors of 33542364?
2, 3, 977, 2861
List the prime factors of 62626175.
5, 401, 6247
List the prime factors of 1733158672.
2, 7, 151, 102481
What are the prime factors of 6565013309?
61, 193, 557633
What are the prime factors of 861098611?
861098611
List the prime factors of 150349372.
2, 877, 42859
What are the prime factors of 91883830?
2, 5, 149, 61667
What are the prime factors of 235024523?
235024523
What are the prime factors of 56598898?
2, 1091, 25939
List the prime factors of 8581500.
2, 3, 5, 1907
What are the prime factors of 5236555988?
2, 83, 15772759
List the prime factors of 377481131.
191, 659, 2999
What are the prime factors of 470034899?
53, 89, 251, 397
What are the prime factors of 396357157?
7, 19, 47, 163, 389
What are the prime factors of 2628872394?
2, 3, 438145399
List the prime factors of 38545091.
13, 19, 113, 1381
List the prime factors of 1214903683.
7, 53, 541, 6053
List the prime factors of 27711113.
23, 37, 32563
What are the prime factors of 625441891?
109, 5737999
List the prime factors of 1620205034.
2, 7, 101, 1145831
What are the prime factors of 52528242?
2, 3, 13, 51803
List the prime factors of 371419.
41, 9059
List the prime factors of 468166703.
4679, 100057
What are the prime factors of 142583227?
29, 43, 109, 1049
List the prime factors of 59463379.
79, 752701
What are the prime factors of 421256450?
2, 5, 97, 86857
What are the prime factors of 156240277?
157, 337, 2953
List the prime factors of 24577492.
2, 6144373
What are the prime factors of 1412844697?
11, 128440427
List the prime factors of 214692125.
5, 751, 2287
List the prime factors of 280670300.
2, 5, 353, 7951
What are the prime factors of 2648491205?
5, 529698241
List the prime factors of 6017580020.
2, 5, 3833, 78497
What are the prime factors of 91602281?
91602281
What are the prime factors of 2311929062?
2, 3557, 324983
List the prime factors of 21290845.
5, 293, 14533
List the prime factors of 76967120.
2, 5, 647, 1487
List the prime factors of 124319536.
2, 11, 43, 16427
List the prime factors of 6870960.
2, 3, 5, 3181
What are the prime factors of 151445018?
2, 23, 29, 107, 1061
What are the prime factors of 74096361?
3, 8232929
What are the prime factors of 33080109?
3, 37, 53, 5623
List the prime factors of 333363517.
103, 3236539
What are the prime factors of 611441524?
2, 157, 631, 1543
List the prime factors of 53769292.
2, 13442323
List the prime factors of 2397495.
3, 5, 159833
List the prime factors of 430555715.
5, 71, 433, 2801
List the prime factors of 2532524639.
109, 23234171
What are the prime factors of 1545497392?
2, 19, 1367, 3719
What are the prime factors of 19598631?
3, 13, 163, 3083
What are the prime factors of 641404?
2, 41, 3911
List the prime factors of 877773100.
2, 5, 41, 214091
What are the prime factors of 78205784?
2, 9775723
List the prime factors of 1514961192.
2, 3, 1319, 47857
List the prime factors of 1254126886.
2, 31, 241, 83933
What are the prime factors of 437355967?
31, 43, 59, 67, 83
What are the prime factors of 2092096?
2, 97, 337
List the prime factors of 263712467.
263, 1002709
What are the prime factors of 110427377?
439, 251543
List the prime factors of 188550584.
2, 23568823
What are the prime factors of 603815235?
3, 5, 29, 1388081
List the prime factors of 98929078.
2, 47, 1052437
What are the prime factors of 26314128?
2, 3, 41, 4457
What are the prime factors of 66745154?
2, 7, 463, 1471
What are the prime factors of 308821297?
9181, 33637
What are the prime factors of 215206927?
13, 17, 973787
List the prime factors of 1557288.
2, 3, 43, 503
List the prime factors of 104158003.
149, 349, 2003
What are the prime factors of 13491518?
2, 227, 29717
What are the prime factors of 157371117?
3, 389, 134851
What are the prime factors of 849868565?
5, 7, 13, 31, 89, 677
List the prime factors of 907536013.
53, 17123321
What are the prime factors of 4633941631?
11, 79, 5332499
List the prime factors of 37418201.
19, 571, 3449
List the prime factors of 417784833.
3, 47, 389, 2539
What are the prime factors of 1217327253?
3, 405775751
List the prime factors of 1696159.
53, 32003
List the prime factors of 6617539160.
2, 5, 165438479
List the prime factors of 5337623.
5337623
List the prime factors of 58042757.
31, 41, 45667
What are the prime factors of 56724121?
17, 3336713
List the prime factors of 218222477.
11, 29, 73, 9371
List the prime factors of 2660665.
5, 7, 19, 4001
What are the prime factors of 24526918?
2, 13, 943343
What are the prime factors of 823972964?
2, 967, 213023
List the prime factors of 49722745.
5, 53, 187633
List the prime factors of 139474768.
2, 137, 63629
List the prime factors of 437268245.
5, 87453649
List the prime factors of 127136683.
233, 545651
What are the prime factors of 36035813?
11, 53, 113, 547
What are the prime factors of 64370685?
3, 5, 509, 8431
List the prime factors of 297263488.
2, 359, 6469
What are the prime factors of 217526018?
2, 7723, 14083
List the prime factors of 8632247323.
7, 23, 53, 1011631
What are the prime factors of 253037328?
2, 3, 829, 6359
What are the prime factors of 118392051?
3, 41, 962537
List the prime factors of 17926407.
3, 23, 28867
What are the prime factors of 389347586?
2, 67, 313, 9283
List the prime factors of 203225130.
2, 3, 5, 79, 101, 283
List the prime factors of 921065020.
2, 5, 46053251
What are the prime factors of 34516670?
2, 5, 29, 41, 2903
What are the prime factors of 256124669?
17, 1453, 10369
What are the prime factors of 62094676?
2, 7, 17, 73, 1787
What are the prime factors of 46269245?
5, 11, 841259
List the prime factors of 2523195914.
2, 1261597957
List the prime factors of 960505098.
2, 3, 7, 181, 126349
What are the prime factors of 685498335?
3, 5, 45699889
List the prime factors of 405816012.
2, 3, 7, 167, 9643
List the prime factors of 66504974.
2, 33252487
List the prime factors of 545912903.
545912903
What are the prime factors of 1808113?
113, 16001
What are the prime factors of 281977352?
2, 71, 496439
What a